et a be (-4 + 1)*27/(9 + t). Let k(q) = -q**3 - 8*q**2 + 11*q - 2. Determine k(a).
-20
Let f(n) = -8*n. Let j(c) = -49*c - 5. Let w(d) = -6*f(d) + j(d). Let x = 3 + 1. Let i be (-32)/6 + x/(-6). Determine w(i).
1
Let q(r) = r**2 + 1607 + 0*r - 1599 + 3*r. Determine q(-5).
18
Let l be (8/(-10))/(155/(-50) + 3). Let k be (-250)/(-4) - l/16. Let i = 54 - k. Let y(a) = a**2 + 7*a - 10. Determine y(i).
-2
Let b(r) be the first derivative of -7*r**3/3 - 3*r**2/2 - r - 1. Let t = -133137 + 133136. Give b(t).
-5
Let v(t) = 102*t**2 + 8*t + 16. Let h(z) = 73*z**2 + 5*z + 11. Let j(a) = -7*h(a) + 5*v(a). Calculate j(-2).
-11
Let k(s) = s**2 - 7*s + 2. Suppose -1 - 1 = -t. Let z be (2 + 0 + 0)*(4 - 2). Let n be (z + 6/(-4))*t. What is k(n)?
-8
Let j(i) = 28*i - 22. Let k(g) = 55*g - 42. Let b(s) = -7*j(s) + 3*k(s). Determine b(1).
-3
Let i(r) = r**3 - 3*r**2 - 3*r - 3. Let d = 23 + -24. Let k be 1 + (d - (-9 + 6)). Give i(k).
-12
Let t(v) = v**2 - 6*v - 6. Let w = -14 + -7. Let o be (-1)/(1/(-20)*-4 + (-136)/255). Let n be 2*w/(-18)*o. Give t(n).
1
Let q be (-15)/9*-3 + 50. Let x = q - 60. Let i(d) = -d + 2. Determine i(x).
7
Suppose 11*x + 3916 = -208*x - 26. Let u(o) = -5*o**3 - 89*o**2 + 17*o - 12. Give u(x).
6
Suppose 0 = 5*b - z + 1860, 0*b - 747 = 2*b - z. Let l = -372 - b. Let k(x) be the third derivative of -x**6/60 + x**5/30 + x**4/24 + x**2. Give k(l).
3
Let r(h) = -15*h**2 + 6*h - 1. Let g(f) = -77*f**2 + 61*f**2 - 6 + 7*f + 5. Let n(l) = 4*g(l) - 5*r(l). Give n(1).
10
Let x(p) = 5*p**3 - p**2 - 18*p - 3. Let n be x(5). Let k = n - 502. Let a(r) = -r**2 + 6*r + 1. Give a(k).
6
Let k(s) = -s. Let v(x) = x**2 - 12*x - 5. Let l(d) = 5*k(d) - v(d). Let t = 361 + -313. Let b be (56/6 - 9)/(2/t). What is l(b)?
-3
Let z(n) be the third derivative of 7*n**5/60 - n**4/24 - n**3/2 + 1264*n**2. What is z(2)?
23
Let b(t) = 39*t**3 + 8*t**2 - 26*t + 86. Let n(y) = -7*y**3 - 2*y**2 + 5*y - 17. Let c(m) = -2*b(m) - 11*n(m). What is c(6)?
-3
Let u(z) = z**3 - 3*z**2 - 3*z + 1. Let x = -66 - -69. Let r be u(x). Let i(h) = h**2 + 9*h + 6. Give i(r).
-2
Suppose 6*n = 16*n - 20. Let i be 243/(-27) + n/1. Let z(d) = d**3 + 8*d**2 + 10*d + 9. Determine z(i).
-12
Let o(s) be the second derivative of 7*s**3/6 + 4*s**2 - 18*s - 9. Calculate o(-6).
-34
Suppose 0 = -4*o + 3*h - 5, -278*h = -275*h + 15. Let c(z) = -2*z**3 - 15*z**2 - 26*z - 12. Give c(o).
-7
Let r(u) be the third derivative of -31*u**4/24 - 17*u**3/6 + 2*u**2 - 12*u + 37. Give r(-1).
14
Let d = 7 + -5. Let z = d - 7. Let b(q) be the first derivative of q**3/3 + q**2 - 7*q - 233106. Give b(z).
8
Suppose 72*z + 363 - 1995 = 4*z. Let t(r) = -r**3 + 23*r**2 + 24*r + 8. What is t(z)?
8
Let x be (-26)/3 + (-17)/(85/(-45)). Let q(c) be the first derivative of -x*c**3 - 9/2*c**2 + 7*c - 6. Give q(-8).
15
Let k be -2 - (0/(5/1))/2. Let c(x) = -16*x**2 + 6*x + 7. Determine c(k).
-69
Suppose 0 = 2*h - 2*z - 48 + 16, 0 = 3*h - 5*z - 38. Let p(s) = -h - s - 13 + 34. Let l be p(1). Let w(c) = -17*c - 1. What is w(l)?
16
Suppose -3*y - 24 = 5*j, 0 = j + y + 12 - 8. Let i(p) = 5*p**2 - 12*p - 6. Let h(k) = 14*k**2 - 35*k - 17. Let o(w) = j*h(w) + 17*i(w). Calculate o(-6).
0
Let l(v) = -3*v**2 - 3*v - 2. Let s(x) = -x**3 - 15*x**2 + 14*x - 20. Let t be s(-16). Suppose -d - 9 + t = 0. What is l(d)?
-38
Let d(v) be the second derivative of v**5/40 - 7*v**4/12 + 14*v**3 + 12*v - 1. Let g(m) be the second derivative of d(m). Calculate g(5).
1
Let q(x) = 64*x**2 + 2*x. Suppose 75 - 62 = 3*p - 4*f, -p = -5*f - 19. Give q(p).
62
Let s(z) = -2*z - 1. Let g be s(1). Let h = -177 - -180. Let q(f) = -3*f**h + f**3 + 0 - 4*f**2 + f**3 - 2 - f. Calculate q(g).
-8
Let f(n) = -13*n**2 - 5 - 5*n + 7*n**3 - 2*n**3 - 5*n**3 + 2*n**3. Let o(z) = -3*z**3 + 19*z**2 + 7*z + 8. Let k(q) = 7*f(q) + 5*o(q). Give k(4).
5
Let l(o) = -o**3 - 6*o**2 - 3*o + 1. Let i = -196 - -241. Suppose i = -16*s + 7*s. Calculate l(s).
-9
Suppose 0 = 3*o - 28 + 25. Let g be o*82/2 - 4. Suppose -9*h - g = -10. Let x(a) = -2*a**2 - 3*a. What is x(h)?
-9
Let v(q) = -2*q - 2. Suppose -5*o + 19*a + 8 = 21*a, -o + 1 = a. Let y be o*((-6)/10 + 135/(-150)). Give v(y).
4
Let x(h) be the first derivative of -24*h + 1/2*h**2 - 200. What is x(16)?
-8
Let t = -8700 - -8692. Let o(x) = -x**3 - 6*x**2 + 21*x + 38. What is o(t)?
-2
Let p(u) = 1525*u - 57946. Let v be p(38). Let a(b) be the second derivative of -b**4/4 + 5*b**3/6 - 2*b**2 + b. Calculate a(v).
-32
Let g(l) = -l**2 - 3*l - 3. Let q be g(-1). Let v be q/5 + 1944/45. Let a(f) = 8*f + v - 43. What is a(-2)?
-16
Let m(g) = -16*g + 104. Let n(h) = -38*h + 244. Let w(r) = 5*m(r) - 2*n(r). Let v(i) = -2*i - 2. Let x be v(-5). Determine w(x).
0
Let r(o) be the third derivative of -13*o**4/8 + 5*o**3/6 - 2237*o**2. Give r(1).
-34
Let m(z) = -13*z**2. Let r be m(-1). Let v(h) = -221*h + 222. Let f(l) = 48*l - 49. Let a(t) = 23*f(t) + 5*v(t). Calculate a(r).
-4
Let w be (36/45)/(2/(-10)). Let s be 1 + 23 + w + -4. Let i(b) = b**2 + s*b - 2*b**2 - 12*b**2 + b**3 + 2 - 30*b. What is i(14)?
2
Let u be (24/(-9))/(-4 - (-4 - 2/6)). Let j(w) = -w**3 - 7*w**2 + 5*w - 28. Give j(u).
-4
Let w = 1 - 4. Let c = w - 3. Let m(b) = -2*b**2 - b. Let s(y) = -7*y**2 - 11*y - 7. Let k(q) = -3*m(q) + s(q). Give k(c).
5
Let a(f) be the first derivative of f**2/2 - 7*f - 8854. Calculate a(-1).
-8
Let y(g) = 7*g**2 - 203*g + 718. Let v be y(4). Let a(i) = -i**3 + 17*i**2 + 17*i + 16. What is a(v)?
-2
Let a(c) = -3*c + 2. Let z be a(-1). Suppose -z*w = w. Suppose w = -5*y + 34 - 39. Let l(i) = 7*i**3 + i + 1. Determine l(y).
-7
Let s(f) be the first derivative of f**3/3 - 11*f**2/2 + 20*f + 2837. Calculate s(9).
2
Let d(a) = -a**3 + 3*a**2 + a. Let g = 225 + -153. Suppose 0 = -6*h - 18*h + g. Calculate d(h).
3
Let f(b) = b + 1. Let w(m) = -6*m - 9. Let s(a) = 5*f(a) + w(a). Let g = 23 + -18. Suppose q = -g*p - 11, 2*q - p = -0*p - 11. What is s(q)?
2
Let i(f) be the third derivative of -f**6/120 - 2*f**5/15 - f**4/2 + f**3/6 + 8*f**2. Suppose h - 35*j + 11 = -36*j, -2*h + 3 = -3*j. What is i(h)?
1
Suppose -730 = -k - 9*k. Let g = k + -77. Let i(n) = n + 2. What is i(g)?
-2
Suppose 7*c + 19*c = 104. Let q(w) be the second derivative of -5/2*w**2 - 6*w + 1/6*w**3 + 0. Determine q(c).
-1
Let j(k) = -k. Let o be j(-11). Let a(r) = -3 + 2 - o*r - 14*r - 2*r. Give a(-1).
26
Let n(t) = -t**2 + 23*t + 56. Suppose -117*d + 325 = -104*d. Let x be n(d). Let q(v) = 2 - 7*v + 4*v**2 - 2*v**2 - v**2. Calculate q(x).
-4
Let w(z) = -4*z + 44. Suppose 0 = -f + 16*y - 4, -27*y + 22*y + 41 = 3*f. Give w(f).
-4
Let m(l) = -4*l - 43. Let j(b) = -1. Let v(c) = -2*j(c) + m(c). Suppose 8 - 10 = w. Let u(q) = q + 10. Let h(k) = w*v(k) - 9*u(k). Calculate h(-8).
0
Let z(g) = -4*g**3 - 17*g**2 - 49*g + 6. Let t(m) = m**3 + 5*m**2 + 12*m - 1. Let l(k) = -9*t(k) - 2*z(k). What is l(-8)?
-115
Let n(v) = -3*v**3 - 4*v**2 - v + 12. Let r(i) = i**3 + 2*i**2 - 5. Let l(f) = -2*n(f) - 5*r(f). Let o = -11 + 11. Suppose -2 = -x - o. Determine l(x).
5
Let f(y) be the second derivative of y**5/120 - 3*y**4/8 + 17*y**3/6 - y**2/2 - 123*y. Let x(r) be the second derivative of f(r). What is x(6)?
-3
Let m(j) be the first derivative of j**2 - 9*j - 2. Let q be 240/64 - (-1)/4. Suppose 3 = -v + q*o - 3, 4*v - 4*o - 12 = 0. Calculate m(v).
3
Let r(k) = k**3 + 17*k**2 - 20*k - 64. Let j be r(-18). Let o be (j/10)/(-2)*(4 + 1). Let f(g) = -g**2 + 7*g + 5. Determine f(o).
5
Let g(u) = u**3 - 6*u**2 + 23. Suppose 2*k = -4*o + 32, -16*o - k - 14 = -20*o. Determine g(o).
-2
Let t(x) = 5*x**3 + x**2 - 5 + 2 - x - 6*x**3 + 2 - 25*x**3. Give t(-1).
27
Suppose 8*b = -6 + 30. Suppose 0 = -4*g + b*q + 27, q + 1 + 19 = 5*g. Let p(m) = -31*m**2 + 14*m**2 + g - 7*m + 18*m**2. Give p(7).
3
Let d(c) = -3*c + 16. Let b be d(4). Suppose -2*r = 2*p - 8, 2*p - 2 - b = -r. Let u(t) = 4*t**3 - 3*t**3 + 2*t**3 - 2*t**3 - 3*t**p + 4 - 3*t. What is u(3)?
-5
Let z(w) be the third derivative of -w**5/30 + 5*w**4/24 - 2*w**3 - 1441*w**2. What is z(6)?
-54
Let a be 315/77 + 37/(-407). Let y(d) = -103*d + 412. What is y(a)?
0
Let a(c) = -46*c - 6. Suppose 3*u = r - 12, -117 = 2*r - 129. Calculate a(u).
86
Let k(u) be the third derivative of -u**5/60 + u**4/12 - u**3/2 - 39*u**2 + 190*u - 4. Suppose 1 = g - 3*h - 11, 12